















{"id":1691,"date":"2019-06-05T21:08:27","date_gmt":"2019-06-06T00:08:27","guid":{"rendered":"http:\/\/pbapgo.meioambiente.go.gov.br\/?page_id=1691"},"modified":"2021-10-20T15:57:20","modified_gmt":"2021-10-20T18:57:20","slug":"produto-3","status":"publish","type":"page","link":"http:\/\/pbapgo.meioambiente.go.gov.br\/?page_id=1691","title":{"rendered":"Produto 3"},"content":{"rendered":"<div id=\"pl-1691\"  class=\"panel-layout\" ><div id=\"pg-1691-0\"  class=\"panel-grid panel-has-style\" ><div class=\"panel-row-style panel-row-style-for-1691-0\" ><div id=\"pgc-1691-0-0\"  class=\"panel-grid-cell\" ><div id=\"panel-1691-0-0-0\" class=\"so-panel widget widget_sow-editor panel-first-child panel-last-child\" data-index=\"0\" ><div\n\t\t\t\n\t\t\tclass=\"so-widget-sow-editor so-widget-sow-editor-base\"\n\t\t\t\n\t\t>\n<div class=\"siteorigin-widget-tinymce textwidget\">\n\t<p>Progn\u00f3stico dos Recursos H\u00eddricos das UPGRH.<\/p>\n<h3>Arquivos:<\/h3>\n<hr \/>\n<p><a href=\"http:\/\/pbapgo.meioambiente.go.gov.br\/wp-content\/uploads\/2021\/10\/RT-03-Prognostico-UPGRH-Sao-Marcos-Corumba-V5.pdf\" target=\"_blank\" rel=\"noopener noreferrer\">Progn\u00f3stico UPGRH dos Rios Corumb\u00e1, Ver\u00edssimo e por\u00e7\u00e3o goiana do Rio s\u00e3o Marcos<\/a> (pdf)<br \/>\n<a href=\"http:\/\/pbapgo.meioambiente.go.gov.br\/wp-content\/uploads\/2021\/10\/RT-03-Prognostico-UPGRH-Meia-Ponte-V5.pdf\" target=\"_blank\" rel=\"noopener noreferrer\">Progn\u00f3stico UPGRH Rio Meia Ponte<\/a> (pdf)<br \/>\n<a href=\"http:\/\/pbapgo.meioambiente.go.gov.br\/wp-content\/uploads\/2021\/10\/RT-03-Prognostico-UPGRH-Rio-dos-Bois-V5.pdf\" target=\"_blank\" rel=\"noopener noreferrer\">Progn\u00f3stico UPGRH Rio dos Bois<\/a> (pdf)<br \/>\n<a href=\"http:\/\/pbapgo.meioambiente.go.gov.br\/wp-content\/uploads\/2021\/10\/RT-03-Prognostico-UPGRH-Baixo-Paranaiba-V5.pdf\" target=\"_blank\" rel=\"noopener noreferrer\">Progn\u00f3stico UPGRH Afluentes Baixo Parana\u00edba<\/a> (pdf)<\/p>\n<\/div>\n<\/div><\/div><\/div><\/div><\/div><\/div>","protected":false},"excerpt":{"rendered":"<p>Progn\u00f3stico dos Recursos H\u00eddricos das UPGRH. Arquivos: Progn\u00f3stico UPGRH dos Rios Corumb\u00e1, Ver\u00edssimo e por\u00e7\u00e3o goiana do Rio s\u00e3o Marcos (pdf) Progn\u00f3stico UPGRH Rio Meia Ponte (pdf) Progn\u00f3stico UPGRH Rio &#8230;<\/p>\n","protected":false},"author":2,"featured_media":0,"parent":0,"menu_order":0,"comment_status":"closed","ping_status":"closed","template":"","meta":{"footnotes":""},"_links":{"self":[{"href":"http:\/\/pbapgo.meioambiente.go.gov.br\/index.php?rest_route=\/wp\/v2\/pages\/1691"}],"collection":[{"href":"http:\/\/pbapgo.meioambiente.go.gov.br\/index.php?rest_route=\/wp\/v2\/pages"}],"about":[{"href":"http:\/\/pbapgo.meioambiente.go.gov.br\/index.php?rest_route=\/wp\/v2\/types\/page"}],"author":[{"embeddable":true,"href":"http:\/\/pbapgo.meioambiente.go.gov.br\/index.php?rest_route=\/wp\/v2\/users\/2"}],"replies":[{"embeddable":true,"href":"http:\/\/pbapgo.meioambiente.go.gov.br\/index.php?rest_route=%2Fwp%2Fv2%2Fcomments&post=1691"}],"version-history":[{"count":6,"href":"http:\/\/pbapgo.meioambiente.go.gov.br\/index.php?rest_route=\/wp\/v2\/pages\/1691\/revisions"}],"predecessor-version":[{"id":2700,"href":"http:\/\/pbapgo.meioambiente.go.gov.br\/index.php?rest_route=\/wp\/v2\/pages\/1691\/revisions\/2700"}],"wp:attachment":[{"href":"http:\/\/pbapgo.meioambiente.go.gov.br\/index.php?rest_route=%2Fwp%2Fv2%2Fmedia&parent=1691"}],"curies":[{"name":"wp","href":"https:\/\/api.w.org\/{rel}","templated":true}]}}