















{"id":1598,"date":"2019-05-27T20:30:32","date_gmt":"2019-05-27T23:30:32","guid":{"rendered":"http:\/\/pbapgo.meioambiente.go.gov.br\/?page_id=1598"},"modified":"2019-05-27T20:30:32","modified_gmt":"2019-05-27T23:30:32","slug":"upgrh-afluentes-4","status":"publish","type":"page","link":"http:\/\/pbapgo.meioambiente.go.gov.br\/?page_id=1598","title":{"rendered":"UPGHR Rio dos Bois"},"content":{"rendered":"<div id=\"pl-1598\"  class=\"panel-layout\" ><div id=\"pg-1598-0\"  class=\"panel-grid panel-has-style\" ><div class=\"panel-row-style panel-row-style-for-1598-0\" ><div id=\"pgc-1598-0-0\"  class=\"panel-grid-cell\" ><div id=\"panel-1598-0-0-0\" class=\"so-panel widget widget_text panel-first-child panel-last-child\" data-index=\"0\" >\t\t\t<div class=\"textwidget\"><p>Esta UPGRH tem suas nascentes no munic\u00edpio de Americano do Brasil e sua foz no reservat\u00f3rio da UHE S\u00e3o Sim\u00e3o, na margem direita do rio Parana\u00edba. Destacam-se na UPGRH os rios Turvo e Verde, ambos na margem direita do rio dos Bois. Est\u00e3o localizados nesta UPGRH os munic\u00edpios de Santa Helena, Rio Verde, Acre\u00fana, Jandaia e Indiara.<\/p>\n<\/div>\n\t\t<\/div><\/div><\/div><\/div><div id=\"pg-1598-1\"  class=\"panel-grid panel-has-style\" ><div class=\"panel-row-style panel-row-style-for-1598-1\" ><div id=\"pgc-1598-1-0\"  class=\"panel-grid-cell\" ><div id=\"panel-1598-1-0-0\" class=\"so-panel widget widget_media_image panel-first-child panel-last-child\" data-index=\"1\" ><img loading=\"lazy\" decoding=\"async\" width=\"300\" height=\"300\" src=\"http:\/\/pbapgo.meioambiente.go.gov.br\/wp-content\/uploads\/2019\/03\/afluente_03-300x300.jpg\" class=\"image wp-image-1510  attachment-medium size-medium\" alt=\"\" style=\"max-width: 100%; height: auto;\" srcset=\"http:\/\/pbapgo.meioambiente.go.gov.br\/wp-content\/uploads\/2019\/03\/afluente_03-300x300.jpg 300w, http:\/\/pbapgo.meioambiente.go.gov.br\/wp-content\/uploads\/2019\/03\/afluente_03-150x150.jpg 150w, http:\/\/pbapgo.meioambiente.go.gov.br\/wp-content\/uploads\/2019\/03\/afluente_03.jpg 701w\" sizes=\"(max-width: 300px) 100vw, 300px\" \/><\/div><\/div><div id=\"pgc-1598-1-1\"  class=\"panel-grid-cell\" ><div id=\"panel-1598-1-1-0\" class=\"so-panel widget widget_text panel-first-child panel-last-child\" data-index=\"2\" >\t\t\t<div class=\"textwidget\"><p>Em diversos pontos da UPGRH, verifica-se o despejo de rejeitos urbanos e dejetos de pecu\u00e1ria no leito dos rios, o que acarreta na deteriora\u00e7\u00e3o da qualidade das \u00e1guas. Outra caracter\u00edstica marcante desta UPGRH \u00e9 o cultivo de cana-de-a\u00e7\u00facar.<\/p>\n<p>Fonte: LEI N\u00ba 20.096, DE 23 DE MAIO DE 2018<\/p>\n<\/div>\n\t\t<\/div><\/div><\/div><\/div><\/div>","protected":false},"excerpt":{"rendered":"<p>Esta UPGRH tem suas nascentes no munic\u00edpio de Americano do Brasil e sua foz no reservat\u00f3rio da UHE S\u00e3o Sim\u00e3o, na margem direita do rio Parana\u00edba. Destacam-se na UPGRH os &#8230;<\/p>\n","protected":false},"author":2,"featured_media":0,"parent":0,"menu_order":0,"comment_status":"closed","ping_status":"closed","template":"","meta":{"footnotes":""},"_links":{"self":[{"href":"http:\/\/pbapgo.meioambiente.go.gov.br\/index.php?rest_route=\/wp\/v2\/pages\/1598"}],"collection":[{"href":"http:\/\/pbapgo.meioambiente.go.gov.br\/index.php?rest_route=\/wp\/v2\/pages"}],"about":[{"href":"http:\/\/pbapgo.meioambiente.go.gov.br\/index.php?rest_route=\/wp\/v2\/types\/page"}],"author":[{"embeddable":true,"href":"http:\/\/pbapgo.meioambiente.go.gov.br\/index.php?rest_route=\/wp\/v2\/users\/2"}],"replies":[{"embeddable":true,"href":"http:\/\/pbapgo.meioambiente.go.gov.br\/index.php?rest_route=%2Fwp%2Fv2%2Fcomments&post=1598"}],"version-history":[{"count":2,"href":"http:\/\/pbapgo.meioambiente.go.gov.br\/index.php?rest_route=\/wp\/v2\/pages\/1598\/revisions"}],"predecessor-version":[{"id":1600,"href":"http:\/\/pbapgo.meioambiente.go.gov.br\/index.php?rest_route=\/wp\/v2\/pages\/1598\/revisions\/1600"}],"wp:attachment":[{"href":"http:\/\/pbapgo.meioambiente.go.gov.br\/index.php?rest_route=%2Fwp%2Fv2%2Fmedia&parent=1598"}],"curies":[{"name":"wp","href":"https:\/\/api.w.org\/{rel}","templated":true}]}}

<div id="pl-1598"  class="panel-layout" ><div id="pg-1598-0"  class="panel-grid panel-has-style" ><div class="panel-row-style panel-row-style-for-1598-0" ><div id="pgc-1598-0-0"  class="panel-grid-cell" ><div id="panel-1598-0-0-0" class="so-panel widget widget_text panel-first-child panel-last-child" data-index="0" >			<div class="textwidget"><p>Esta UPGRH tem suas nascentes no município de Americano do Brasil e sua foz no reservatório da UHE São Simão, na margem direita do rio Paranaíba. Destacam-se na UPGRH os rios Turvo e Verde, ambos na margem direita do rio dos Bois. Estão localizados nesta UPGRH os municípios de Santa Helena, Rio Verde, Acreúna, Jandaia e Indiara.</p>
</div>
		</div></div></div></div><div id="pg-1598-1"  class="panel-grid panel-has-style" ><div class="panel-row-style panel-row-style-for-1598-1" ><div id="pgc-1598-1-0"  class="panel-grid-cell" ><div id="panel-1598-1-0-0" class="so-panel widget widget_media_image panel-first-child panel-last-child" data-index="1" ><img loading="lazy" decoding="async" width="300" height="300" src="http://pbapgo.meioambiente.go.gov.br/wp-content/uploads/2019/03/afluente_03-300x300.jpg" class="image wp-image-1510  attachment-medium size-medium" alt="" style="max-width: 100%; height: auto;" srcset="http://pbapgo.meioambiente.go.gov.br/wp-content/uploads/2019/03/afluente_03-300x300.jpg 300w, http://pbapgo.meioambiente.go.gov.br/wp-content/uploads/2019/03/afluente_03-150x150.jpg 150w, http://pbapgo.meioambiente.go.gov.br/wp-content/uploads/2019/03/afluente_03.jpg 701w" sizes="(max-width: 300px) 100vw, 300px" /></div></div><div id="pgc-1598-1-1"  class="panel-grid-cell" ><div id="panel-1598-1-1-0" class="so-panel widget widget_text panel-first-child panel-last-child" data-index="2" >			<div class="textwidget"><p>Em diversos pontos da UPGRH, verifica-se o despejo de rejeitos urbanos e dejetos de pecuária no leito dos rios, o que acarreta na deterioração da qualidade das águas. Outra característica marcante desta UPGRH é o cultivo de cana-de-açúcar.</p>
<p>Fonte: LEI Nº 20.096, DE 23 DE MAIO DE 2018</p>
</div>
		</div></div></div></div></div>

<p>Esta UPGRH tem suas nascentes no município de Americano do Brasil e sua foz no reservatório da UHE São Simão, na margem direita do rio Paranaíba. Destacam-se na UPGRH os &#8230;</p>
