















{"id":1455,"date":"2019-03-11T22:12:49","date_gmt":"2019-03-12T01:12:49","guid":{"rendered":"http:\/\/pbapgo.meioambiente.go.gov.br\/?page_id=1455"},"modified":"2021-01-27T19:27:59","modified_gmt":"2021-01-27T22:27:59","slug":"eventos","status":"publish","type":"page","link":"http:\/\/pbapgo.meioambiente.go.gov.br\/?page_id=1455","title":{"rendered":"Eventos"},"content":{"rendered":"<div id=\"pl-1455\"  class=\"panel-layout\" ><div id=\"pg-1455-0\"  class=\"panel-grid panel-has-style\" ><div class=\"panel-row-style panel-row-style-for-1455-0\" ><div id=\"pgc-1455-0-0\"  class=\"panel-grid-cell\" ><div id=\"panel-1455-0-0-0\" class=\"so-panel widget widget_siteorigin-panels-postloop panel-first-child panel-last-child\" data-index=\"0\" ><article id=\"post-2307\" class=\"list-article clearfix post-2307 post type-post status-publish format-standard has-post-thumbnail hentry category-apresentacao category-eventos category-produto-4\">\n\t\t<div class=\"list-article-thumb\">\n\t\t<a href=\"http:\/\/pbapgo.meioambiente.go.gov.br\/?p=2307\">\n\t\t\t<img loading=\"lazy\" decoding=\"async\" width=\"300\" height=\"150\" src=\"http:\/\/pbapgo.meioambiente.go.gov.br\/wp-content\/uploads\/2021\/01\/video_r4_p4_capa.jpg\" class=\"attachment-onepress-blog-small size-onepress-blog-small wp-post-image\" alt=\"\" \/>\t\t<\/a>\n\t<\/div>\n\t\n\t<div class=\"list-article-content\">\n\t\t\t\t\t<div class=\"list-article-meta\">\n\t\t\t\t<a href=\"http:\/\/pbapgo.meioambiente.go.gov.br\/?cat=32\" rel=\"category\">Apresenta\u00e7\u00e3o<\/a> \/ <a href=\"http:\/\/pbapgo.meioambiente.go.gov.br\/?cat=33\" rel=\"category\">Eventos<\/a> \/ <a href=\"http:\/\/pbapgo.meioambiente.go.gov.br\/?cat=31\" rel=\"category\">Produto 4<\/a>\t\t\t<\/div>\n\t\t\t\t\t\t<header class=\"entry-header\">\n\t\t\t<h2 class=\"entry-title\"><a href=\"http:\/\/pbapgo.meioambiente.go.gov.br\/?p=2307\" rel=\"bookmark\">Reuni\u00e3o 22\/01\/21 CBH Meia Ponte &#8211; Apresenta\u00e7\u00e3o do Produto 4<\/a><\/h2>\t\t<\/header><!-- .entry-header -->\n\t\t\t\t\t\t<div class=\"entry-excerpt\">\n\t\t\t<p>Apresenta\u00e7\u00e3o Produto 4 &#8211; Plano de Bacia<\/p>\n\t\t<\/div><!-- .entry-content -->\n\t\t\t\t\t<\/div>\n\n<\/article><!-- #post-## -->\n<article id=\"post-2304\" class=\"list-article clearfix post-2304 post type-post status-publish format-standard has-post-thumbnail hentry category-apresentacao category-eventos category-produto-4\">\n\t\t<div class=\"list-article-thumb\">\n\t\t<a href=\"http:\/\/pbapgo.meioambiente.go.gov.br\/?p=2304\">\n\t\t\t<img loading=\"lazy\" decoding=\"async\" width=\"300\" height=\"150\" src=\"http:\/\/pbapgo.meioambiente.go.gov.br\/wp-content\/uploads\/2021\/01\/video_r3_p4_capa.jpg\" class=\"attachment-onepress-blog-small size-onepress-blog-small wp-post-image\" alt=\"\" \/>\t\t<\/a>\n\t<\/div>\n\t\n\t<div class=\"list-article-content\">\n\t\t\t\t\t<div class=\"list-article-meta\">\n\t\t\t\t<a href=\"http:\/\/pbapgo.meioambiente.go.gov.br\/?cat=32\" rel=\"category\">Apresenta\u00e7\u00e3o<\/a> \/ <a href=\"http:\/\/pbapgo.meioambiente.go.gov.br\/?cat=33\" rel=\"category\">Eventos<\/a> \/ <a href=\"http:\/\/pbapgo.meioambiente.go.gov.br\/?cat=31\" rel=\"category\">Produto 4<\/a>\t\t\t<\/div>\n\t\t\t\t\t\t<header class=\"entry-header\">\n\t\t\t<h2 class=\"entry-title\"><a href=\"http:\/\/pbapgo.meioambiente.go.gov.br\/?p=2304\" rel=\"bookmark\">Reuni\u00e3o 21\/01\/21 CBH Corumb\u00e1, Ver\u00edssimo e S\u00e3o Marcos &#8211; Apresenta\u00e7\u00e3o do Produto 4<\/a><\/h2>\t\t<\/header><!-- .entry-header -->\n\t\t\t\t\t\t<div class=\"entry-excerpt\">\n\t\t\t<p>Apresenta\u00e7\u00e3o Produto 4 &#8211; Plano de Bacia<\/p>\n\t\t<\/div><!-- .entry-content -->\n\t\t\t\t\t<\/div>\n\n<\/article><!-- #post-## -->\n<article id=\"post-2301\" class=\"list-article clearfix post-2301 post type-post status-publish format-standard has-post-thumbnail hentry category-apresentacao category-eventos category-produto-4\">\n\t\t<div class=\"list-article-thumb\">\n\t\t<a href=\"http:\/\/pbapgo.meioambiente.go.gov.br\/?p=2301\">\n\t\t\t<img loading=\"lazy\" decoding=\"async\" width=\"300\" height=\"150\" src=\"http:\/\/pbapgo.meioambiente.go.gov.br\/wp-content\/uploads\/2021\/01\/video_r2_p4_capa.jpg\" class=\"attachment-onepress-blog-small size-onepress-blog-small wp-post-image\" alt=\"\" \/>\t\t<\/a>\n\t<\/div>\n\t\n\t<div class=\"list-article-content\">\n\t\t\t\t\t<div class=\"list-article-meta\">\n\t\t\t\t<a href=\"http:\/\/pbapgo.meioambiente.go.gov.br\/?cat=32\" rel=\"category\">Apresenta\u00e7\u00e3o<\/a> \/ <a href=\"http:\/\/pbapgo.meioambiente.go.gov.br\/?cat=33\" rel=\"category\">Eventos<\/a> \/ <a href=\"http:\/\/pbapgo.meioambiente.go.gov.br\/?cat=31\" rel=\"category\">Produto 4<\/a>\t\t\t<\/div>\n\t\t\t\t\t\t<header class=\"entry-header\">\n\t\t\t<h2 class=\"entry-title\"><a href=\"http:\/\/pbapgo.meioambiente.go.gov.br\/?p=2301\" rel=\"bookmark\">Reuni\u00e3o 20\/01\/21 CBH Bois &#8211; Apresenta\u00e7\u00e3o do Produto 4<\/a><\/h2>\t\t<\/header><!-- .entry-header -->\n\t\t\t\t\t\t<div class=\"entry-excerpt\">\n\t\t\t<p>Apresenta\u00e7\u00e3o Produto 4 &#8211; Plano de Bacia<\/p>\n\t\t<\/div><!-- .entry-content -->\n\t\t\t\t\t<\/div>\n\n<\/article><!-- #post-## -->\n<article id=\"post-2290\" class=\"list-article clearfix post-2290 post type-post status-publish format-standard has-post-thumbnail hentry category-apresentacao category-eventos category-produto-4\">\n\t\t<div class=\"list-article-thumb\">\n\t\t<a href=\"http:\/\/pbapgo.meioambiente.go.gov.br\/?p=2290\">\n\t\t\t<img loading=\"lazy\" decoding=\"async\" width=\"300\" height=\"150\" src=\"http:\/\/pbapgo.meioambiente.go.gov.br\/wp-content\/uploads\/2021\/01\/video_r1_p4_capa.jpg\" class=\"attachment-onepress-blog-small size-onepress-blog-small wp-post-image\" alt=\"\" \/>\t\t<\/a>\n\t<\/div>\n\t\n\t<div class=\"list-article-content\">\n\t\t\t\t\t<div class=\"list-article-meta\">\n\t\t\t\t<a href=\"http:\/\/pbapgo.meioambiente.go.gov.br\/?cat=32\" rel=\"category\">Apresenta\u00e7\u00e3o<\/a> \/ <a href=\"http:\/\/pbapgo.meioambiente.go.gov.br\/?cat=33\" rel=\"category\">Eventos<\/a> \/ <a href=\"http:\/\/pbapgo.meioambiente.go.gov.br\/?cat=31\" rel=\"category\">Produto 4<\/a>\t\t\t<\/div>\n\t\t\t\t\t\t<header class=\"entry-header\">\n\t\t\t<h2 class=\"entry-title\"><a href=\"http:\/\/pbapgo.meioambiente.go.gov.br\/?p=2290\" rel=\"bookmark\">Reuni\u00e3o 19\/01\/21 CBH Baixo Parana\u00edba &#8211; Apresenta\u00e7\u00e3o do Produto 4<\/a><\/h2>\t\t<\/header><!-- .entry-header -->\n\t\t\t\t\t\t<div class=\"entry-excerpt\">\n\t\t\t<p>Apresenta\u00e7\u00e3o Produto 4 &#8211; Plano de Bacia<\/p>\n\t\t<\/div><!-- .entry-content -->\n\t\t\t\t\t<\/div>\n\n<\/article><!-- #post-## -->\n<article id=\"post-2287\" class=\"list-article clearfix post-2287 post type-post status-publish format-standard has-post-thumbnail hentry category-apresentacao category-eventos category-produto-3\">\n\t\t<div class=\"list-article-thumb\">\n\t\t<a href=\"http:\/\/pbapgo.meioambiente.go.gov.br\/?p=2287\">\n\t\t\t<img loading=\"lazy\" decoding=\"async\" width=\"300\" height=\"150\" src=\"http:\/\/pbapgo.meioambiente.go.gov.br\/wp-content\/uploads\/2021\/01\/reuniao_23_10.jpg\" class=\"attachment-onepress-blog-small size-onepress-blog-small wp-post-image\" alt=\"\" \/>\t\t<\/a>\n\t<\/div>\n\t\n\t<div class=\"list-article-content\">\n\t\t\t\t\t<div class=\"list-article-meta\">\n\t\t\t\t<a href=\"http:\/\/pbapgo.meioambiente.go.gov.br\/?cat=32\" rel=\"category\">Apresenta\u00e7\u00e3o<\/a> \/ <a href=\"http:\/\/pbapgo.meioambiente.go.gov.br\/?cat=33\" rel=\"category\">Eventos<\/a> \/ <a href=\"http:\/\/pbapgo.meioambiente.go.gov.br\/?cat=27\" rel=\"category\">Produto 3<\/a>\t\t\t<\/div>\n\t\t\t\t\t\t<header class=\"entry-header\">\n\t\t\t<h2 class=\"entry-title\"><a href=\"http:\/\/pbapgo.meioambiente.go.gov.br\/?p=2287\" rel=\"bookmark\">Reuni\u00e3o 23\/10\/20 CBH Baixo Parana\u00edba &#8211; Apresenta\u00e7\u00e3o do Produto 3<\/a><\/h2>\t\t<\/header><!-- .entry-header -->\n\t\t\t\t\t\t<div class=\"entry-excerpt\">\n\t\t\t<p>Apresenta\u00e7\u00e3o Produto 3 &#8211; Progn\u00f3stico dos Recursos H\u00eddricos para as Bacias Afluentes do Rio Parana\u00edba em Goi\u00e1s<\/p>\n\t\t<\/div><!-- .entry-content -->\n\t\t\t\t\t<\/div>\n\n<\/article><!-- #post-## -->\n<article id=\"post-2284\" class=\"list-article clearfix post-2284 post type-post status-publish format-standard has-post-thumbnail hentry category-apresentacao category-eventos category-produto-3\">\n\t\t<div class=\"list-article-thumb\">\n\t\t<a href=\"http:\/\/pbapgo.meioambiente.go.gov.br\/?p=2284\">\n\t\t\t<img loading=\"lazy\" decoding=\"async\" width=\"300\" height=\"150\" src=\"http:\/\/pbapgo.meioambiente.go.gov.br\/wp-content\/uploads\/2021\/01\/reuniao_22_10.jpg\" class=\"attachment-onepress-blog-small size-onepress-blog-small wp-post-image\" alt=\"\" \/>\t\t<\/a>\n\t<\/div>\n\t\n\t<div class=\"list-article-content\">\n\t\t\t\t\t<div class=\"list-article-meta\">\n\t\t\t\t<a href=\"http:\/\/pbapgo.meioambiente.go.gov.br\/?cat=32\" rel=\"category\">Apresenta\u00e7\u00e3o<\/a> \/ <a href=\"http:\/\/pbapgo.meioambiente.go.gov.br\/?cat=33\" rel=\"category\">Eventos<\/a> \/ <a href=\"http:\/\/pbapgo.meioambiente.go.gov.br\/?cat=27\" rel=\"category\">Produto 3<\/a>\t\t\t<\/div>\n\t\t\t\t\t\t<header class=\"entry-header\">\n\t\t\t<h2 class=\"entry-title\"><a href=\"http:\/\/pbapgo.meioambiente.go.gov.br\/?p=2284\" rel=\"bookmark\">Reuni\u00e3o 22\/10\/20 CBH Meia Ponte &#8211; Apresenta\u00e7\u00e3o do Produto 3<\/a><\/h2>\t\t<\/header><!-- .entry-header -->\n\t\t\t\t\t\t<div class=\"entry-excerpt\">\n\t\t\t<p>Apresenta\u00e7\u00e3o Produto 3 &#8211; Progn\u00f3stico dos Recursos H\u00eddricos para as Bacias Afluentes do Rio Parana\u00edba em Goi\u00e1s<\/p>\n\t\t<\/div><!-- .entry-content -->\n\t\t\t\t\t<\/div>\n\n<\/article><!-- #post-## -->\n<article id=\"post-2277\" class=\"list-article clearfix post-2277 post type-post status-publish format-standard has-post-thumbnail hentry category-apresentacao category-eventos category-produto-3\">\n\t\t<div class=\"list-article-thumb\">\n\t\t<a href=\"http:\/\/pbapgo.meioambiente.go.gov.br\/?p=2277\">\n\t\t\t<img loading=\"lazy\" decoding=\"async\" width=\"300\" height=\"150\" src=\"http:\/\/pbapgo.meioambiente.go.gov.br\/wp-content\/uploads\/2021\/01\/reuniao_21_10.jpg\" class=\"attachment-onepress-blog-small size-onepress-blog-small wp-post-image\" alt=\"\" \/>\t\t<\/a>\n\t<\/div>\n\t\n\t<div class=\"list-article-content\">\n\t\t\t\t\t<div class=\"list-article-meta\">\n\t\t\t\t<a href=\"http:\/\/pbapgo.meioambiente.go.gov.br\/?cat=32\" rel=\"category\">Apresenta\u00e7\u00e3o<\/a> \/ <a href=\"http:\/\/pbapgo.meioambiente.go.gov.br\/?cat=33\" rel=\"category\">Eventos<\/a> \/ <a href=\"http:\/\/pbapgo.meioambiente.go.gov.br\/?cat=27\" rel=\"category\">Produto 3<\/a>\t\t\t<\/div>\n\t\t\t\t\t\t<header class=\"entry-header\">\n\t\t\t<h2 class=\"entry-title\"><a href=\"http:\/\/pbapgo.meioambiente.go.gov.br\/?p=2277\" rel=\"bookmark\">Reuni\u00e3o 21\/10\/20 CBH Bois &#8211; Apresenta\u00e7\u00e3o do Produto 3<\/a><\/h2>\t\t<\/header><!-- .entry-header -->\n\t\t\t\t\t\t<div class=\"entry-excerpt\">\n\t\t\t<p>Apresenta\u00e7\u00e3o Produto 3 &#8211; Progn\u00f3stico dos Recursos H\u00eddricos para as Bacias Afluentes do Rio Parana\u00edba em Goi\u00e1s<\/p>\n\t\t<\/div><!-- .entry-content -->\n\t\t\t\t\t<\/div>\n\n<\/article><!-- #post-## -->\n<article id=\"post-2261\" class=\"list-article clearfix post-2261 post type-post status-publish format-standard has-post-thumbnail hentry category-apresentacao category-eventos category-produto-3\">\n\t\t<div class=\"list-article-thumb\">\n\t\t<a href=\"http:\/\/pbapgo.meioambiente.go.gov.br\/?p=2261\">\n\t\t\t<img loading=\"lazy\" decoding=\"async\" width=\"300\" height=\"150\" src=\"http:\/\/pbapgo.meioambiente.go.gov.br\/wp-content\/uploads\/2021\/01\/reuniao_20_10.jpg\" class=\"attachment-onepress-blog-small size-onepress-blog-small wp-post-image\" alt=\"\" \/>\t\t<\/a>\n\t<\/div>\n\t\n\t<div class=\"list-article-content\">\n\t\t\t\t\t<div class=\"list-article-meta\">\n\t\t\t\t<a href=\"http:\/\/pbapgo.meioambiente.go.gov.br\/?cat=32\" rel=\"category\">Apresenta\u00e7\u00e3o<\/a> \/ <a href=\"http:\/\/pbapgo.meioambiente.go.gov.br\/?cat=33\" rel=\"category\">Eventos<\/a> \/ <a href=\"http:\/\/pbapgo.meioambiente.go.gov.br\/?cat=27\" rel=\"category\">Produto 3<\/a>\t\t\t<\/div>\n\t\t\t\t\t\t<header class=\"entry-header\">\n\t\t\t<h2 class=\"entry-title\"><a href=\"http:\/\/pbapgo.meioambiente.go.gov.br\/?p=2261\" rel=\"bookmark\">Reuni\u00e3o 20\/10\/20 CBH CVSM &#8211; Apresenta\u00e7\u00e3o do Produto 3<\/a><\/h2>\t\t<\/header><!-- .entry-header -->\n\t\t\t\t\t\t<div class=\"entry-excerpt\">\n\t\t\t<p>Apresenta\u00e7\u00e3o Produto 3 &#8211; Progn\u00f3stico dos Recursos H\u00eddricos para as Bacias Afluentes do Rio Parana\u00edba em Goi\u00e1s<\/p>\n\t\t<\/div><!-- .entry-content -->\n\t\t\t\t\t<\/div>\n\n<\/article><!-- #post-## -->\n<\/div><\/div><\/div><\/div><\/div>","protected":false},"excerpt":{"rendered":"<p>Apresenta\u00e7\u00e3o Produto 3 &#8211; Progn\u00f3stico dos Recursos H\u00eddricos para as Bacias Afluentes do Rio Parana\u00edba em Goi\u00e1s<\/p>\n","protected":false},"author":2,"featured_media":0,"parent":0,"menu_order":0,"comment_status":"closed","ping_status":"closed","template":"","meta":{"footnotes":""},"_links":{"self":[{"href":"http:\/\/pbapgo.meioambiente.go.gov.br\/index.php?rest_route=\/wp\/v2\/pages\/1455"}],"collection":[{"href":"http:\/\/pbapgo.meioambiente.go.gov.br\/index.php?rest_route=\/wp\/v2\/pages"}],"about":[{"href":"http:\/\/pbapgo.meioambiente.go.gov.br\/index.php?rest_route=\/wp\/v2\/types\/page"}],"author":[{"embeddable":true,"href":"http:\/\/pbapgo.meioambiente.go.gov.br\/index.php?rest_route=\/wp\/v2\/users\/2"}],"replies":[{"embeddable":true,"href":"http:\/\/pbapgo.meioambiente.go.gov.br\/index.php?rest_route=%2Fwp%2Fv2%2Fcomments&post=1455"}],"version-history":[{"count":8,"href":"http:\/\/pbapgo.meioambiente.go.gov.br\/index.php?rest_route=\/wp\/v2\/pages\/1455\/revisions"}],"predecessor-version":[{"id":2268,"href":"http:\/\/pbapgo.meioambiente.go.gov.br\/index.php?rest_route=\/wp\/v2\/pages\/1455\/revisions\/2268"}],"wp:attachment":[{"href":"http:\/\/pbapgo.meioambiente.go.gov.br\/index.php?rest_route=%2Fwp%2Fv2%2Fmedia&parent=1455"}],"curies":[{"name":"wp","href":"https:\/\/api.w.org\/{rel}","templated":true}]}}